{"id":517,"date":"2022-05-31T09:19:59","date_gmt":"2022-05-31T09:19:59","guid":{"rendered":"http:\/\/lybe.fi\/sagas\/?page_id=517"},"modified":"2022-11-30T14:04:33","modified_gmt":"2022-11-30T14:04:33","slug":"matot-2","status":"publish","type":"page","link":"https:\/\/lybe.fi\/sagas\/matot-2\/","title":{"rendered":"MATOT"},"content":{"rendered":"\n<div class=\"is-layout-flex wp-container-5 wp-block-columns\">\n<div class=\"is-layout-flow wp-block-column luokka1\">\n<p class=\"luokka1\"><strong>M\u00e4\u00e4r\u00e4mittaiset matot eteisiin, k\u00e4yt\u00e4ville ja terasseille<\/strong><br>Leikkaamme <a href=\"https:\/\/lybe.fi\/sagas\/?page_id=743\">k\u00e4yt\u00e4v\u00e4matot<\/a>, <a href=\"https:\/\/lybe.fi\/sagas\/?page_id=745\">kuramatot<\/a>, <a href=\"https:\/\/lybe.fi\/sagas\/?page_id=751\">ruohomatot<\/a>, <a href=\"https:\/\/lybe.fi\/sagas\/?page_id=747\">terassimatot<\/a> ja <a href=\"https:\/\/lybe.fi\/sagas\/?page_id=749\">neulahuovat<\/a> myym\u00e4l\u00e4ss\u00e4 rullasta haluttuun mittaan. Kumiritil\u00e4mattoja on saatavana erikokoisina valmispaloina.&nbsp;<\/p>\n<\/div>\n\n\n\n<div class=\"is-layout-flow wp-block-column luokka3\">\n<figure class=\"is-layout-flex wp-block-gallery-2 wp-block-gallery has-nested-images columns-default is-cropped\">\n<figure class=\"wp-block-image size-large\"><img fetchpriority=\"high\" decoding=\"async\" width=\"1500\" height=\"2000\" src=\"https:\/\/lybe.fi\/sagas\/wp-content\/uploads\/2022\/08\/Mattokymppi-louhi-beige-kaytavamatto-sileaksi-kudottu.jpg\" alt=\"K\u00e4yt\u00e4v\u00e4matto Louhi. Rullaleveydet 80 cm ja 100 cm.\" class=\"wp-image-1003\" srcset=\"https:\/\/lybe.fi\/sagas\/wp-content\/uploads\/2022\/08\/Mattokymppi-louhi-beige-kaytavamatto-sileaksi-kudottu.jpg 1500w, https:\/\/lybe.fi\/sagas\/wp-content\/uploads\/2022\/08\/Mattokymppi-louhi-beige-kaytavamatto-sileaksi-kudottu-225x300.jpg 225w, https:\/\/lybe.fi\/sagas\/wp-content\/uploads\/2022\/08\/Mattokymppi-louhi-beige-kaytavamatto-sileaksi-kudottu-768x1024.jpg 768w, https:\/\/lybe.fi\/sagas\/wp-content\/uploads\/2022\/08\/Mattokymppi-louhi-beige-kaytavamatto-sileaksi-kudottu-1152x1536.jpg 1152w\" sizes=\"(max-width: 1500px) 100vw, 1500px\" \/><figcaption class=\"wp-element-caption\">K\u00e4yt\u00e4v\u00e4matto Louhi<\/figcaption><\/figure>\n\n\n\n<figure class=\"wp-block-image size-large\"><img decoding=\"async\" width=\"2200\" height=\"2200\" src=\"https:\/\/lybe.fi\/sagas\/wp-content\/uploads\/2022\/07\/Mattokymppi-otava-hopea-kaytavamatto.jpg\" alt=\"K\u00e4yt\u00e4v\u00e4matto Otava. Rullaleveys 80 cm.\" class=\"wp-image-889\" srcset=\"https:\/\/lybe.fi\/sagas\/wp-content\/uploads\/2022\/07\/Mattokymppi-otava-hopea-kaytavamatto.jpg 2200w, https:\/\/lybe.fi\/sagas\/wp-content\/uploads\/2022\/07\/Mattokymppi-otava-hopea-kaytavamatto-300x300.png 300w, https:\/\/lybe.fi\/sagas\/wp-content\/uploads\/2022\/07\/Mattokymppi-otava-hopea-kaytavamatto-1024x1024.png 1024w, https:\/\/lybe.fi\/sagas\/wp-content\/uploads\/2022\/07\/Mattokymppi-otava-hopea-kaytavamatto-150x150.png 150w, https:\/\/lybe.fi\/sagas\/wp-content\/uploads\/2022\/07\/Mattokymppi-otava-hopea-kaytavamatto-768x768.png 768w, https:\/\/lybe.fi\/sagas\/wp-content\/uploads\/2022\/07\/Mattokymppi-otava-hopea-kaytavamatto-1536x1536.png 1536w, https:\/\/lybe.fi\/sagas\/wp-content\/uploads\/2022\/07\/Mattokymppi-otava-hopea-kaytavamatto-2048x2048.png 2048w\" sizes=\"(max-width: 2200px) 100vw, 2200px\" \/><figcaption class=\"wp-element-caption\">K\u00e4yt\u00e4v\u00e4matto Otava<\/figcaption><\/figure>\n<\/figure>\n<\/div>\n<\/div>\n","protected":false},"excerpt":{"rendered":"<p>M\u00e4\u00e4r\u00e4mittaiset matot eteisiin, k\u00e4yt\u00e4ville ja terasseilleLeikkaamme k\u00e4yt\u00e4v\u00e4matot, kuramatot, ruohomatot, terassimatot ja neulahuovat myym\u00e4l\u00e4ss\u00e4 rullasta haluttuun mittaan. Kumiritil\u00e4mattoja on saatavana erikokoisina valmispaloina.&nbsp;<\/p>\n","protected":false},"author":1,"featured_media":0,"parent":0,"menu_order":0,"comment_status":"closed","ping_status":"closed","template":"","meta":{"neve_meta_sidebar":"","neve_meta_container":"","neve_meta_enable_content_width":"","neve_meta_content_width":0,"neve_meta_title_alignment":"","neve_meta_author_avatar":"","neve_post_elements_order":"","neve_meta_disable_header":"","neve_meta_disable_footer":"","neve_meta_disable_title":""},"featured_image_urls":{},"yoast_head":"<!-- This site is optimized with the Yoast SEO plugin v21.1 - https:\/\/yoast.com\/wordpress\/plugins\/seo\/ -->\n<title>MATOT - Sisustus-Center<\/title>\n<meta name=\"description\" content=\"Leikkaamme k\u00e4yt\u00e4v\u00e4matot, kuramatot, ruohomatot, terassimatot ja neulahuovat myym\u00e4l\u00e4ss\u00e4 rullasta haluttuun mittaan. Kumiritil\u00e4mattoja on saatavana erikokoisina valmispaloina.\" \/>\n<meta name=\"robots\" content=\"index, follow, max-snippet:-1, max-image-preview:large, max-video-preview:-1\" \/>\n<link rel=\"canonical\" href=\"https:\/\/lybe.fi\/sagas\/matot-2\/\" \/>\n<meta property=\"og:locale\" content=\"en_US\" \/>\n<meta property=\"og:type\" content=\"article\" \/>\n<meta property=\"og:title\" content=\"MATOT - Sisustus-Center\" \/>\n<meta property=\"og:description\" content=\"Leikkaamme k\u00e4yt\u00e4v\u00e4matot, kuramatot, ruohomatot, terassimatot ja neulahuovat myym\u00e4l\u00e4ss\u00e4 rullasta haluttuun mittaan. Kumiritil\u00e4mattoja on saatavana erikokoisina valmispaloina.\" \/>\n<meta property=\"og:url\" content=\"https:\/\/lybe.fi\/sagas\/matot-2\/\" \/>\n<meta property=\"og:site_name\" content=\"Sisustus-Center\" \/>\n<meta property=\"article:modified_time\" content=\"2022-11-30T14:04:33+00:00\" \/>\n<meta property=\"og:image\" content=\"https:\/\/lybe.fi\/sagas\/wp-content\/uploads\/2022\/08\/Mattokymppi-louhi-beige-kaytavamatto-sileaksi-kudottu.jpg\" \/>\n<meta name=\"twitter:card\" content=\"summary_large_image\" \/>\n<meta name=\"twitter:label1\" content=\"Est. reading time\" \/>\n\t<meta name=\"twitter:data1\" content=\"1 minute\" \/>\n<script type=\"application\/ld+json\" class=\"yoast-schema-graph\">{\"@context\":\"https:\/\/schema.org\",\"@graph\":[{\"@type\":\"WebPage\",\"@id\":\"https:\/\/lybe.fi\/sagas\/matot-2\/\",\"url\":\"https:\/\/lybe.fi\/sagas\/matot-2\/\",\"name\":\"MATOT - Sisustus-Center\",\"isPartOf\":{\"@id\":\"https:\/\/lybe.fi\/sagas\/#website\"},\"datePublished\":\"2022-05-31T09:19:59+00:00\",\"dateModified\":\"2022-11-30T14:04:33+00:00\",\"description\":\"Leikkaamme k\u00e4yt\u00e4v\u00e4matot, kuramatot, ruohomatot, terassimatot ja neulahuovat myym\u00e4l\u00e4ss\u00e4 rullasta haluttuun mittaan. Kumiritil\u00e4mattoja on saatavana erikokoisina valmispaloina.\",\"breadcrumb\":{\"@id\":\"https:\/\/lybe.fi\/sagas\/matot-2\/#breadcrumb\"},\"inLanguage\":\"en-US\",\"potentialAction\":[{\"@type\":\"ReadAction\",\"target\":[\"https:\/\/lybe.fi\/sagas\/matot-2\/\"]}]},{\"@type\":\"BreadcrumbList\",\"@id\":\"https:\/\/lybe.fi\/sagas\/matot-2\/#breadcrumb\",\"itemListElement\":[{\"@type\":\"ListItem\",\"position\":1,\"name\":\"Home\",\"item\":\"https:\/\/lybe.fi\/sagas\/\"},{\"@type\":\"ListItem\",\"position\":2,\"name\":\"MATOT\"}]},{\"@type\":\"WebSite\",\"@id\":\"https:\/\/lybe.fi\/sagas\/#website\",\"url\":\"https:\/\/lybe.fi\/sagas\/\",\"name\":\"Sisustus-Center\",\"description\":\"\",\"publisher\":{\"@id\":\"https:\/\/lybe.fi\/sagas\/#organization\"},\"potentialAction\":[{\"@type\":\"SearchAction\",\"target\":{\"@type\":\"EntryPoint\",\"urlTemplate\":\"https:\/\/lybe.fi\/sagas\/?s={search_term_string}\"},\"query-input\":\"required name=search_term_string\"}],\"inLanguage\":\"en-US\"},{\"@type\":\"Organization\",\"@id\":\"https:\/\/lybe.fi\/sagas\/#organization\",\"name\":\"Sisustus-Center\",\"url\":\"https:\/\/lybe.fi\/sagas\/\",\"logo\":{\"@type\":\"ImageObject\",\"inLanguage\":\"en-US\",\"@id\":\"https:\/\/lybe.fi\/sagas\/#\/schema\/logo\/image\/\",\"url\":\"https:\/\/lybe.fi\/sagas\/wp-content\/uploads\/2022\/05\/logo-varillinen-scaled.jpg\",\"contentUrl\":\"https:\/\/lybe.fi\/sagas\/wp-content\/uploads\/2022\/05\/logo-varillinen-scaled.jpg\",\"width\":2560,\"height\":390,\"caption\":\"Sisustus-Center\"},\"image\":{\"@id\":\"https:\/\/lybe.fi\/sagas\/#\/schema\/logo\/image\/\"}}]}<\/script>\n<!-- \/ Yoast SEO plugin. -->","yoast_head_json":{"title":"MATOT - Sisustus-Center","description":"Leikkaamme k\u00e4yt\u00e4v\u00e4matot, kuramatot, ruohomatot, terassimatot ja neulahuovat myym\u00e4l\u00e4ss\u00e4 rullasta haluttuun mittaan. Kumiritil\u00e4mattoja on saatavana erikokoisina valmispaloina.","robots":{"index":"index","follow":"follow","max-snippet":"max-snippet:-1","max-image-preview":"max-image-preview:large","max-video-preview":"max-video-preview:-1"},"canonical":"https:\/\/lybe.fi\/sagas\/matot-2\/","og_locale":"en_US","og_type":"article","og_title":"MATOT - Sisustus-Center","og_description":"Leikkaamme k\u00e4yt\u00e4v\u00e4matot, kuramatot, ruohomatot, terassimatot ja neulahuovat myym\u00e4l\u00e4ss\u00e4 rullasta haluttuun mittaan. Kumiritil\u00e4mattoja on saatavana erikokoisina valmispaloina.","og_url":"https:\/\/lybe.fi\/sagas\/matot-2\/","og_site_name":"Sisustus-Center","article_modified_time":"2022-11-30T14:04:33+00:00","og_image":[{"url":"https:\/\/lybe.fi\/sagas\/wp-content\/uploads\/2022\/08\/Mattokymppi-louhi-beige-kaytavamatto-sileaksi-kudottu.jpg"}],"twitter_card":"summary_large_image","twitter_misc":{"Est. reading time":"1 minute"},"schema":{"@context":"https:\/\/schema.org","@graph":[{"@type":"WebPage","@id":"https:\/\/lybe.fi\/sagas\/matot-2\/","url":"https:\/\/lybe.fi\/sagas\/matot-2\/","name":"MATOT - Sisustus-Center","isPartOf":{"@id":"https:\/\/lybe.fi\/sagas\/#website"},"datePublished":"2022-05-31T09:19:59+00:00","dateModified":"2022-11-30T14:04:33+00:00","description":"Leikkaamme k\u00e4yt\u00e4v\u00e4matot, kuramatot, ruohomatot, terassimatot ja neulahuovat myym\u00e4l\u00e4ss\u00e4 rullasta haluttuun mittaan. Kumiritil\u00e4mattoja on saatavana erikokoisina valmispaloina.","breadcrumb":{"@id":"https:\/\/lybe.fi\/sagas\/matot-2\/#breadcrumb"},"inLanguage":"en-US","potentialAction":[{"@type":"ReadAction","target":["https:\/\/lybe.fi\/sagas\/matot-2\/"]}]},{"@type":"BreadcrumbList","@id":"https:\/\/lybe.fi\/sagas\/matot-2\/#breadcrumb","itemListElement":[{"@type":"ListItem","position":1,"name":"Home","item":"https:\/\/lybe.fi\/sagas\/"},{"@type":"ListItem","position":2,"name":"MATOT"}]},{"@type":"WebSite","@id":"https:\/\/lybe.fi\/sagas\/#website","url":"https:\/\/lybe.fi\/sagas\/","name":"Sisustus-Center","description":"","publisher":{"@id":"https:\/\/lybe.fi\/sagas\/#organization"},"potentialAction":[{"@type":"SearchAction","target":{"@type":"EntryPoint","urlTemplate":"https:\/\/lybe.fi\/sagas\/?s={search_term_string}"},"query-input":"required name=search_term_string"}],"inLanguage":"en-US"},{"@type":"Organization","@id":"https:\/\/lybe.fi\/sagas\/#organization","name":"Sisustus-Center","url":"https:\/\/lybe.fi\/sagas\/","logo":{"@type":"ImageObject","inLanguage":"en-US","@id":"https:\/\/lybe.fi\/sagas\/#\/schema\/logo\/image\/","url":"https:\/\/lybe.fi\/sagas\/wp-content\/uploads\/2022\/05\/logo-varillinen-scaled.jpg","contentUrl":"https:\/\/lybe.fi\/sagas\/wp-content\/uploads\/2022\/05\/logo-varillinen-scaled.jpg","width":2560,"height":390,"caption":"Sisustus-Center"},"image":{"@id":"https:\/\/lybe.fi\/sagas\/#\/schema\/logo\/image\/"}}]}},"_links":{"self":[{"href":"https:\/\/lybe.fi\/sagas\/wp-json\/wp\/v2\/pages\/517"}],"collection":[{"href":"https:\/\/lybe.fi\/sagas\/wp-json\/wp\/v2\/pages"}],"about":[{"href":"https:\/\/lybe.fi\/sagas\/wp-json\/wp\/v2\/types\/page"}],"author":[{"embeddable":true,"href":"https:\/\/lybe.fi\/sagas\/wp-json\/wp\/v2\/users\/1"}],"replies":[{"embeddable":true,"href":"https:\/\/lybe.fi\/sagas\/wp-json\/wp\/v2\/comments?post=517"}],"version-history":[{"count":18,"href":"https:\/\/lybe.fi\/sagas\/wp-json\/wp\/v2\/pages\/517\/revisions"}],"predecessor-version":[{"id":2205,"href":"https:\/\/lybe.fi\/sagas\/wp-json\/wp\/v2\/pages\/517\/revisions\/2205"}],"wp:attachment":[{"href":"https:\/\/lybe.fi\/sagas\/wp-json\/wp\/v2\/media?parent=517"}],"curies":[{"name":"wp","href":"https:\/\/api.w.org\/{rel}","templated":true}]}}