{"id":723,"date":"2022-06-08T11:38:46","date_gmt":"2022-06-08T11:38:46","guid":{"rendered":"http:\/\/lybe.fi\/sagas\/?page_id=723"},"modified":"2022-11-30T13:50:15","modified_gmt":"2022-11-30T13:50:15","slug":"parketti","status":"publish","type":"page","link":"https:\/\/lybe.fi\/sagas\/parketti\/","title":{"rendered":"Parketti"},"content":{"rendered":"\n<div class=\"is-layout-flex wp-container-3 wp-block-columns\">\n<div class=\"is-layout-flow wp-block-column\">\n<p class=\"luokka1\"><strong>Parketti<\/strong> valmistetaan aidosta puusta, joten se on materiaalina l\u00e4mmin ja mukava jalan alla. Runkolevyn p\u00e4\u00e4lle liimattu jalopuukerros on k\u00e4sitelty yleens\u00e4 lakka- tai \u00f6ljyvahapintaiseksi. Lukuisat v\u00e4rit ja lajitelmat tarjoavat vaihtoehtoja jokaiseen makuun.<\/p>\n\n\n\n<p class=\"luokka1\">Parketti on my\u00f6s mahdollista hioa ja k\u00e4sitell\u00e4 uudelleen, mik\u00e4 tekee siit\u00e4 pitk\u00e4ik\u00e4isen ja ekologisen lattiamateriaalin. Betonin p\u00e4\u00e4lle asennettaessa parketin alle suositellaan kosteussulkumuovilla varustettu solumuovi, kun taas levyalustalle riitt\u00e4\u00e4 askel\u00e4\u00e4nivaimennukseksi pelkk\u00e4 solumuovi.&nbsp;<\/p>\n<\/div>\n\n\n\n<div class=\"is-layout-flow wp-block-column\">\n<figure class=\"wp-block-image size-large is-resized luokka3\"><img fetchpriority=\"high\" decoding=\"async\" src=\"https:\/\/lybe.fi\/sagas\/wp-content\/uploads\/2022\/11\/Parketti-Tarkett-Shade-Oak-Praline-3-s-7870037-1024x769.jpg\" alt=\"Tarkett Shade Praline 3-S 7870037\" class=\"wp-image-1764\" width=\"420\" height=\"316\" srcset=\"https:\/\/lybe.fi\/sagas\/wp-content\/uploads\/2022\/11\/Parketti-Tarkett-Shade-Oak-Praline-3-s-7870037-1024x769.jpg 1024w, https:\/\/lybe.fi\/sagas\/wp-content\/uploads\/2022\/11\/Parketti-Tarkett-Shade-Oak-Praline-3-s-7870037-300x225.jpg 300w, https:\/\/lybe.fi\/sagas\/wp-content\/uploads\/2022\/11\/Parketti-Tarkett-Shade-Oak-Praline-3-s-7870037-768x577.jpg 768w, https:\/\/lybe.fi\/sagas\/wp-content\/uploads\/2022\/11\/Parketti-Tarkett-Shade-Oak-Praline-3-s-7870037-1536x1153.jpg 1536w, https:\/\/lybe.fi\/sagas\/wp-content\/uploads\/2022\/11\/Parketti-Tarkett-Shade-Oak-Praline-3-s-7870037.jpg 1610w\" sizes=\"(max-width: 420px) 100vw, 420px\" \/><figcaption class=\"wp-element-caption\">Tarkett Shade Praline 3-S 7870037<\/figcaption><\/figure>\n<\/div>\n<\/div>\n","protected":false},"excerpt":{"rendered":"<p>Parketti valmistetaan aidosta puusta, joten se on materiaalina l\u00e4mmin ja mukava jalan alla. Runkolevyn p\u00e4\u00e4lle liimattu jalopuukerros on k\u00e4sitelty yleens\u00e4 lakka- tai \u00f6ljyvahapintaiseksi. Lukuisat v\u00e4rit ja lajitelmat tarjoavat vaihtoehtoja jokaiseen makuun. Parketti on my\u00f6s mahdollista hioa ja k\u00e4sitell\u00e4 uudelleen, mik\u00e4 tekee siit\u00e4 pitk\u00e4ik\u00e4isen ja ekologisen lattiamateriaalin. Betonin p\u00e4\u00e4lle asennettaessa parketin alle suositellaan kosteussulkumuovilla varustettu solumuovi,&hellip;&nbsp;<a href=\"https:\/\/lybe.fi\/sagas\/parketti\/\" rel=\"bookmark\">Read More &raquo;<span class=\"screen-reader-text\">Parketti<\/span><\/a><\/p>\n","protected":false},"author":1,"featured_media":0,"parent":0,"menu_order":0,"comment_status":"closed","ping_status":"closed","template":"","meta":{"neve_meta_sidebar":"","neve_meta_container":"","neve_meta_enable_content_width":"","neve_meta_content_width":0,"neve_meta_title_alignment":"","neve_meta_author_avatar":"","neve_post_elements_order":"","neve_meta_disable_header":"","neve_meta_disable_footer":"","neve_meta_disable_title":""},"featured_image_urls":{},"yoast_head":"<!-- This site is optimized with the Yoast SEO plugin v21.1 - https:\/\/yoast.com\/wordpress\/plugins\/seo\/ -->\n<title>Parketti - Sisustus-Center<\/title>\n<meta name=\"description\" content=\"Parketti valmistetaan aidosta puusta, joten se on materiaalina l\u00e4mmin ja mukava jalan alla. Runkolevyn p\u00e4\u00e4lle liimattu jalopuukerros on k\u00e4sitelty yleens\u00e4 lakka- tai \u00f6ljyvahapintaiseksi. Lukuisat v\u00e4rit ja lajitelmat tarjoavat vaihtoehtoja jokaiseen makuun.\" \/>\n<meta name=\"robots\" content=\"index, follow, max-snippet:-1, max-image-preview:large, max-video-preview:-1\" \/>\n<link rel=\"canonical\" href=\"https:\/\/lybe.fi\/sagas\/parketti\/\" \/>\n<meta property=\"og:locale\" content=\"en_US\" \/>\n<meta property=\"og:type\" content=\"article\" \/>\n<meta property=\"og:title\" content=\"Parketti - Sisustus-Center\" \/>\n<meta property=\"og:description\" content=\"Parketti valmistetaan aidosta puusta, joten se on materiaalina l\u00e4mmin ja mukava jalan alla. Runkolevyn p\u00e4\u00e4lle liimattu jalopuukerros on k\u00e4sitelty yleens\u00e4 lakka- tai \u00f6ljyvahapintaiseksi. Lukuisat v\u00e4rit ja lajitelmat tarjoavat vaihtoehtoja jokaiseen makuun.\" \/>\n<meta property=\"og:url\" content=\"https:\/\/lybe.fi\/sagas\/parketti\/\" \/>\n<meta property=\"og:site_name\" content=\"Sisustus-Center\" \/>\n<meta property=\"article:modified_time\" content=\"2022-11-30T13:50:15+00:00\" \/>\n<meta property=\"og:image\" content=\"https:\/\/lybe.fi\/sagas\/wp-content\/uploads\/2022\/11\/Parketti-Tarkett-Shade-Oak-Praline-3-s-7870037-1024x769.png\" \/>\n<meta name=\"twitter:card\" content=\"summary_large_image\" \/>\n<meta name=\"twitter:label1\" content=\"Est. reading time\" \/>\n\t<meta name=\"twitter:data1\" content=\"1 minute\" \/>\n<script type=\"application\/ld+json\" class=\"yoast-schema-graph\">{\"@context\":\"https:\/\/schema.org\",\"@graph\":[{\"@type\":\"WebPage\",\"@id\":\"https:\/\/lybe.fi\/sagas\/parketti\/\",\"url\":\"https:\/\/lybe.fi\/sagas\/parketti\/\",\"name\":\"Parketti - Sisustus-Center\",\"isPartOf\":{\"@id\":\"https:\/\/lybe.fi\/sagas\/#website\"},\"datePublished\":\"2022-06-08T11:38:46+00:00\",\"dateModified\":\"2022-11-30T13:50:15+00:00\",\"description\":\"Parketti valmistetaan aidosta puusta, joten se on materiaalina l\u00e4mmin ja mukava jalan alla. Runkolevyn p\u00e4\u00e4lle liimattu jalopuukerros on k\u00e4sitelty yleens\u00e4 lakka- tai \u00f6ljyvahapintaiseksi. Lukuisat v\u00e4rit ja lajitelmat tarjoavat vaihtoehtoja jokaiseen makuun.\",\"breadcrumb\":{\"@id\":\"https:\/\/lybe.fi\/sagas\/parketti\/#breadcrumb\"},\"inLanguage\":\"en-US\",\"potentialAction\":[{\"@type\":\"ReadAction\",\"target\":[\"https:\/\/lybe.fi\/sagas\/parketti\/\"]}]},{\"@type\":\"BreadcrumbList\",\"@id\":\"https:\/\/lybe.fi\/sagas\/parketti\/#breadcrumb\",\"itemListElement\":[{\"@type\":\"ListItem\",\"position\":1,\"name\":\"Home\",\"item\":\"https:\/\/lybe.fi\/sagas\/\"},{\"@type\":\"ListItem\",\"position\":2,\"name\":\"Parketti\"}]},{\"@type\":\"WebSite\",\"@id\":\"https:\/\/lybe.fi\/sagas\/#website\",\"url\":\"https:\/\/lybe.fi\/sagas\/\",\"name\":\"Sisustus-Center\",\"description\":\"\",\"publisher\":{\"@id\":\"https:\/\/lybe.fi\/sagas\/#organization\"},\"potentialAction\":[{\"@type\":\"SearchAction\",\"target\":{\"@type\":\"EntryPoint\",\"urlTemplate\":\"https:\/\/lybe.fi\/sagas\/?s={search_term_string}\"},\"query-input\":\"required name=search_term_string\"}],\"inLanguage\":\"en-US\"},{\"@type\":\"Organization\",\"@id\":\"https:\/\/lybe.fi\/sagas\/#organization\",\"name\":\"Sisustus-Center\",\"url\":\"https:\/\/lybe.fi\/sagas\/\",\"logo\":{\"@type\":\"ImageObject\",\"inLanguage\":\"en-US\",\"@id\":\"https:\/\/lybe.fi\/sagas\/#\/schema\/logo\/image\/\",\"url\":\"https:\/\/lybe.fi\/sagas\/wp-content\/uploads\/2022\/05\/logo-varillinen-scaled.jpg\",\"contentUrl\":\"https:\/\/lybe.fi\/sagas\/wp-content\/uploads\/2022\/05\/logo-varillinen-scaled.jpg\",\"width\":2560,\"height\":390,\"caption\":\"Sisustus-Center\"},\"image\":{\"@id\":\"https:\/\/lybe.fi\/sagas\/#\/schema\/logo\/image\/\"}}]}<\/script>\n<!-- \/ Yoast SEO plugin. -->","yoast_head_json":{"title":"Parketti - Sisustus-Center","description":"Parketti valmistetaan aidosta puusta, joten se on materiaalina l\u00e4mmin ja mukava jalan alla. Runkolevyn p\u00e4\u00e4lle liimattu jalopuukerros on k\u00e4sitelty yleens\u00e4 lakka- tai \u00f6ljyvahapintaiseksi. Lukuisat v\u00e4rit ja lajitelmat tarjoavat vaihtoehtoja jokaiseen makuun.","robots":{"index":"index","follow":"follow","max-snippet":"max-snippet:-1","max-image-preview":"max-image-preview:large","max-video-preview":"max-video-preview:-1"},"canonical":"https:\/\/lybe.fi\/sagas\/parketti\/","og_locale":"en_US","og_type":"article","og_title":"Parketti - Sisustus-Center","og_description":"Parketti valmistetaan aidosta puusta, joten se on materiaalina l\u00e4mmin ja mukava jalan alla. Runkolevyn p\u00e4\u00e4lle liimattu jalopuukerros on k\u00e4sitelty yleens\u00e4 lakka- tai \u00f6ljyvahapintaiseksi. Lukuisat v\u00e4rit ja lajitelmat tarjoavat vaihtoehtoja jokaiseen makuun.","og_url":"https:\/\/lybe.fi\/sagas\/parketti\/","og_site_name":"Sisustus-Center","article_modified_time":"2022-11-30T13:50:15+00:00","og_image":[{"url":"https:\/\/lybe.fi\/sagas\/wp-content\/uploads\/2022\/11\/Parketti-Tarkett-Shade-Oak-Praline-3-s-7870037-1024x769.png"}],"twitter_card":"summary_large_image","twitter_misc":{"Est. reading time":"1 minute"},"schema":{"@context":"https:\/\/schema.org","@graph":[{"@type":"WebPage","@id":"https:\/\/lybe.fi\/sagas\/parketti\/","url":"https:\/\/lybe.fi\/sagas\/parketti\/","name":"Parketti - Sisustus-Center","isPartOf":{"@id":"https:\/\/lybe.fi\/sagas\/#website"},"datePublished":"2022-06-08T11:38:46+00:00","dateModified":"2022-11-30T13:50:15+00:00","description":"Parketti valmistetaan aidosta puusta, joten se on materiaalina l\u00e4mmin ja mukava jalan alla. Runkolevyn p\u00e4\u00e4lle liimattu jalopuukerros on k\u00e4sitelty yleens\u00e4 lakka- tai \u00f6ljyvahapintaiseksi. Lukuisat v\u00e4rit ja lajitelmat tarjoavat vaihtoehtoja jokaiseen makuun.","breadcrumb":{"@id":"https:\/\/lybe.fi\/sagas\/parketti\/#breadcrumb"},"inLanguage":"en-US","potentialAction":[{"@type":"ReadAction","target":["https:\/\/lybe.fi\/sagas\/parketti\/"]}]},{"@type":"BreadcrumbList","@id":"https:\/\/lybe.fi\/sagas\/parketti\/#breadcrumb","itemListElement":[{"@type":"ListItem","position":1,"name":"Home","item":"https:\/\/lybe.fi\/sagas\/"},{"@type":"ListItem","position":2,"name":"Parketti"}]},{"@type":"WebSite","@id":"https:\/\/lybe.fi\/sagas\/#website","url":"https:\/\/lybe.fi\/sagas\/","name":"Sisustus-Center","description":"","publisher":{"@id":"https:\/\/lybe.fi\/sagas\/#organization"},"potentialAction":[{"@type":"SearchAction","target":{"@type":"EntryPoint","urlTemplate":"https:\/\/lybe.fi\/sagas\/?s={search_term_string}"},"query-input":"required name=search_term_string"}],"inLanguage":"en-US"},{"@type":"Organization","@id":"https:\/\/lybe.fi\/sagas\/#organization","name":"Sisustus-Center","url":"https:\/\/lybe.fi\/sagas\/","logo":{"@type":"ImageObject","inLanguage":"en-US","@id":"https:\/\/lybe.fi\/sagas\/#\/schema\/logo\/image\/","url":"https:\/\/lybe.fi\/sagas\/wp-content\/uploads\/2022\/05\/logo-varillinen-scaled.jpg","contentUrl":"https:\/\/lybe.fi\/sagas\/wp-content\/uploads\/2022\/05\/logo-varillinen-scaled.jpg","width":2560,"height":390,"caption":"Sisustus-Center"},"image":{"@id":"https:\/\/lybe.fi\/sagas\/#\/schema\/logo\/image\/"}}]}},"_links":{"self":[{"href":"https:\/\/lybe.fi\/sagas\/wp-json\/wp\/v2\/pages\/723"}],"collection":[{"href":"https:\/\/lybe.fi\/sagas\/wp-json\/wp\/v2\/pages"}],"about":[{"href":"https:\/\/lybe.fi\/sagas\/wp-json\/wp\/v2\/types\/page"}],"author":[{"embeddable":true,"href":"https:\/\/lybe.fi\/sagas\/wp-json\/wp\/v2\/users\/1"}],"replies":[{"embeddable":true,"href":"https:\/\/lybe.fi\/sagas\/wp-json\/wp\/v2\/comments?post=723"}],"version-history":[{"count":8,"href":"https:\/\/lybe.fi\/sagas\/wp-json\/wp\/v2\/pages\/723\/revisions"}],"predecessor-version":[{"id":2192,"href":"https:\/\/lybe.fi\/sagas\/wp-json\/wp\/v2\/pages\/723\/revisions\/2192"}],"wp:attachment":[{"href":"https:\/\/lybe.fi\/sagas\/wp-json\/wp\/v2\/media?parent=723"}],"curies":[{"name":"wp","href":"https:\/\/api.w.org\/{rel}","templated":true}]}}