{"id":727,"date":"2022-06-08T11:39:58","date_gmt":"2022-06-08T11:39:58","guid":{"rendered":"http:\/\/lybe.fi\/sagas\/?page_id=727"},"modified":"2022-11-30T13:58:56","modified_gmt":"2022-11-30T13:58:56","slug":"vinyylikorkki","status":"publish","type":"page","link":"https:\/\/lybe.fi\/sagas\/vinyylikorkki\/","title":{"rendered":"Vinyylikorkki"},"content":{"rendered":"\n<div class=\"is-layout-flex wp-container-5 wp-block-columns\">\n<div class=\"is-layout-flow wp-block-column\">\n<p class=\"luokka1\"><strong>Vinyylikorkki<\/strong> valmistetaan luonnonkorkista, runkolevyst\u00e4 ja kulutuspintana k\u00e4ytett\u00e4v\u00e4st\u00e4 vinyylikerroksesta. Kest\u00e4v\u00e4n vinyylipinnan lis\u00e4ksi korkkikerrokset tekev\u00e4t lattiasta mukavan l\u00e4mpim\u00e4n, hiljaisen ja pehme\u00e4n jalan alla. Korkkipohja vaimentaa askel\u00e4\u00e4net eik\u00e4 alle laiteta muuta askel\u00e4\u00e4nieristett\u00e4. Betonialustalle asennettaessa alle tulee laittaa h\u00f6yrynsulkumuovi.&nbsp;<\/p>\n<\/div>\n\n\n\n<div class=\"is-layout-flow wp-block-column\">\n<figure class=\"is-layout-flex wp-block-gallery-2 wp-block-gallery has-nested-images columns-default is-cropped\">\n<figure class=\"wp-block-image size-large\"><img fetchpriority=\"high\" decoding=\"async\" width=\"1024\" height=\"758\" src=\"https:\/\/lybe.fi\/sagas\/wp-content\/uploads\/2022\/11\/Vinyylikorkki-rakenne-1024x758.jpg\" alt=\"Vinyylikorkki valmistetaan luonnonkorkista, runkolevyst\u00e4 ja kulutuspintana k\u00e4ytett\u00e4v\u00e4st\u00e4 vinyylikerroksesta.\" class=\"wp-image-1832\" srcset=\"https:\/\/lybe.fi\/sagas\/wp-content\/uploads\/2022\/11\/Vinyylikorkki-rakenne-1024x758.jpg 1024w, https:\/\/lybe.fi\/sagas\/wp-content\/uploads\/2022\/11\/Vinyylikorkki-rakenne-300x222.jpg 300w, https:\/\/lybe.fi\/sagas\/wp-content\/uploads\/2022\/11\/Vinyylikorkki-rakenne-768x568.jpg 768w, https:\/\/lybe.fi\/sagas\/wp-content\/uploads\/2022\/11\/Vinyylikorkki-rakenne.jpg 1170w\" sizes=\"(max-width: 1024px) 100vw, 1024px\" \/><\/figure>\n<\/figure>\n<\/div>\n<\/div>\n","protected":false},"excerpt":{"rendered":"<p>Vinyylikorkki valmistetaan luonnonkorkista, runkolevyst\u00e4 ja kulutuspintana k\u00e4ytett\u00e4v\u00e4st\u00e4 vinyylikerroksesta. Kest\u00e4v\u00e4n vinyylipinnan lis\u00e4ksi korkkikerrokset tekev\u00e4t lattiasta mukavan l\u00e4mpim\u00e4n, hiljaisen ja pehme\u00e4n jalan alla. Korkkipohja vaimentaa askel\u00e4\u00e4net eik\u00e4 alle laiteta muuta askel\u00e4\u00e4nieristett\u00e4. Betonialustalle asennettaessa alle tulee laittaa h\u00f6yrynsulkumuovi.&nbsp;<\/p>\n","protected":false},"author":1,"featured_media":0,"parent":0,"menu_order":0,"comment_status":"closed","ping_status":"closed","template":"","meta":{"neve_meta_sidebar":"","neve_meta_container":"","neve_meta_enable_content_width":"","neve_meta_content_width":0,"neve_meta_title_alignment":"","neve_meta_author_avatar":"","neve_post_elements_order":"","neve_meta_disable_header":"","neve_meta_disable_footer":"","neve_meta_disable_title":""},"featured_image_urls":{},"yoast_head":"<!-- This site is optimized with the Yoast SEO plugin v21.1 - https:\/\/yoast.com\/wordpress\/plugins\/seo\/ -->\n<title>Vinyylikorkki - Sisustus-Center<\/title>\n<meta name=\"description\" content=\"Vinyylikorkki valmistetaan luonnonkorkista, runkolevyst\u00e4 ja kulutuspintana k\u00e4ytett\u00e4v\u00e4st\u00e4 vinyylikerroksesta. Kest\u00e4v\u00e4n vinyylipinnan lis\u00e4ksi korkkikerrokset tekev\u00e4t lattiasta mukavan l\u00e4mpim\u00e4n, hiljaisen ja pehme\u00e4n jalan alla. Korkkipohja vaimentaa askel\u00e4\u00e4net eik\u00e4 alle laiteta muuta askel\u00e4\u00e4nieristett\u00e4. Betonialustalle asennettaessa alle tulee laittaa h\u00f6yrynsulkumuovi.\" \/>\n<meta name=\"robots\" content=\"index, follow, max-snippet:-1, max-image-preview:large, max-video-preview:-1\" \/>\n<link rel=\"canonical\" href=\"https:\/\/lybe.fi\/sagas\/vinyylikorkki\/\" \/>\n<meta property=\"og:locale\" content=\"en_US\" \/>\n<meta property=\"og:type\" content=\"article\" \/>\n<meta property=\"og:title\" content=\"Vinyylikorkki - Sisustus-Center\" \/>\n<meta property=\"og:description\" content=\"Vinyylikorkki valmistetaan luonnonkorkista, runkolevyst\u00e4 ja kulutuspintana k\u00e4ytett\u00e4v\u00e4st\u00e4 vinyylikerroksesta. Kest\u00e4v\u00e4n vinyylipinnan lis\u00e4ksi korkkikerrokset tekev\u00e4t lattiasta mukavan l\u00e4mpim\u00e4n, hiljaisen ja pehme\u00e4n jalan alla. Korkkipohja vaimentaa askel\u00e4\u00e4net eik\u00e4 alle laiteta muuta askel\u00e4\u00e4nieristett\u00e4. Betonialustalle asennettaessa alle tulee laittaa h\u00f6yrynsulkumuovi.\" \/>\n<meta property=\"og:url\" content=\"https:\/\/lybe.fi\/sagas\/vinyylikorkki\/\" \/>\n<meta property=\"og:site_name\" content=\"Sisustus-Center\" \/>\n<meta property=\"article:modified_time\" content=\"2022-11-30T13:58:56+00:00\" \/>\n<meta property=\"og:image\" content=\"https:\/\/lybe.fi\/sagas\/wp-content\/uploads\/2022\/11\/Vinyylikorkki-rakenne-1024x758.png\" \/>\n<meta name=\"twitter:card\" content=\"summary_large_image\" \/>\n<meta name=\"twitter:label1\" content=\"Est. reading time\" \/>\n\t<meta name=\"twitter:data1\" content=\"1 minute\" \/>\n<script type=\"application\/ld+json\" class=\"yoast-schema-graph\">{\"@context\":\"https:\/\/schema.org\",\"@graph\":[{\"@type\":\"WebPage\",\"@id\":\"https:\/\/lybe.fi\/sagas\/vinyylikorkki\/\",\"url\":\"https:\/\/lybe.fi\/sagas\/vinyylikorkki\/\",\"name\":\"Vinyylikorkki - Sisustus-Center\",\"isPartOf\":{\"@id\":\"https:\/\/lybe.fi\/sagas\/#website\"},\"datePublished\":\"2022-06-08T11:39:58+00:00\",\"dateModified\":\"2022-11-30T13:58:56+00:00\",\"description\":\"Vinyylikorkki valmistetaan luonnonkorkista, runkolevyst\u00e4 ja kulutuspintana k\u00e4ytett\u00e4v\u00e4st\u00e4 vinyylikerroksesta. Kest\u00e4v\u00e4n vinyylipinnan lis\u00e4ksi korkkikerrokset tekev\u00e4t lattiasta mukavan l\u00e4mpim\u00e4n, hiljaisen ja pehme\u00e4n jalan alla. Korkkipohja vaimentaa askel\u00e4\u00e4net eik\u00e4 alle laiteta muuta askel\u00e4\u00e4nieristett\u00e4. Betonialustalle asennettaessa alle tulee laittaa h\u00f6yrynsulkumuovi.\",\"breadcrumb\":{\"@id\":\"https:\/\/lybe.fi\/sagas\/vinyylikorkki\/#breadcrumb\"},\"inLanguage\":\"en-US\",\"potentialAction\":[{\"@type\":\"ReadAction\",\"target\":[\"https:\/\/lybe.fi\/sagas\/vinyylikorkki\/\"]}]},{\"@type\":\"BreadcrumbList\",\"@id\":\"https:\/\/lybe.fi\/sagas\/vinyylikorkki\/#breadcrumb\",\"itemListElement\":[{\"@type\":\"ListItem\",\"position\":1,\"name\":\"Home\",\"item\":\"https:\/\/lybe.fi\/sagas\/\"},{\"@type\":\"ListItem\",\"position\":2,\"name\":\"Vinyylikorkki\"}]},{\"@type\":\"WebSite\",\"@id\":\"https:\/\/lybe.fi\/sagas\/#website\",\"url\":\"https:\/\/lybe.fi\/sagas\/\",\"name\":\"Sisustus-Center\",\"description\":\"\",\"publisher\":{\"@id\":\"https:\/\/lybe.fi\/sagas\/#organization\"},\"potentialAction\":[{\"@type\":\"SearchAction\",\"target\":{\"@type\":\"EntryPoint\",\"urlTemplate\":\"https:\/\/lybe.fi\/sagas\/?s={search_term_string}\"},\"query-input\":\"required name=search_term_string\"}],\"inLanguage\":\"en-US\"},{\"@type\":\"Organization\",\"@id\":\"https:\/\/lybe.fi\/sagas\/#organization\",\"name\":\"Sisustus-Center\",\"url\":\"https:\/\/lybe.fi\/sagas\/\",\"logo\":{\"@type\":\"ImageObject\",\"inLanguage\":\"en-US\",\"@id\":\"https:\/\/lybe.fi\/sagas\/#\/schema\/logo\/image\/\",\"url\":\"https:\/\/lybe.fi\/sagas\/wp-content\/uploads\/2022\/05\/logo-varillinen-scaled.jpg\",\"contentUrl\":\"https:\/\/lybe.fi\/sagas\/wp-content\/uploads\/2022\/05\/logo-varillinen-scaled.jpg\",\"width\":2560,\"height\":390,\"caption\":\"Sisustus-Center\"},\"image\":{\"@id\":\"https:\/\/lybe.fi\/sagas\/#\/schema\/logo\/image\/\"}}]}<\/script>\n<!-- \/ Yoast SEO plugin. -->","yoast_head_json":{"title":"Vinyylikorkki - Sisustus-Center","description":"Vinyylikorkki valmistetaan luonnonkorkista, runkolevyst\u00e4 ja kulutuspintana k\u00e4ytett\u00e4v\u00e4st\u00e4 vinyylikerroksesta. Kest\u00e4v\u00e4n vinyylipinnan lis\u00e4ksi korkkikerrokset tekev\u00e4t lattiasta mukavan l\u00e4mpim\u00e4n, hiljaisen ja pehme\u00e4n jalan alla. Korkkipohja vaimentaa askel\u00e4\u00e4net eik\u00e4 alle laiteta muuta askel\u00e4\u00e4nieristett\u00e4. Betonialustalle asennettaessa alle tulee laittaa h\u00f6yrynsulkumuovi.","robots":{"index":"index","follow":"follow","max-snippet":"max-snippet:-1","max-image-preview":"max-image-preview:large","max-video-preview":"max-video-preview:-1"},"canonical":"https:\/\/lybe.fi\/sagas\/vinyylikorkki\/","og_locale":"en_US","og_type":"article","og_title":"Vinyylikorkki - Sisustus-Center","og_description":"Vinyylikorkki valmistetaan luonnonkorkista, runkolevyst\u00e4 ja kulutuspintana k\u00e4ytett\u00e4v\u00e4st\u00e4 vinyylikerroksesta. Kest\u00e4v\u00e4n vinyylipinnan lis\u00e4ksi korkkikerrokset tekev\u00e4t lattiasta mukavan l\u00e4mpim\u00e4n, hiljaisen ja pehme\u00e4n jalan alla. Korkkipohja vaimentaa askel\u00e4\u00e4net eik\u00e4 alle laiteta muuta askel\u00e4\u00e4nieristett\u00e4. Betonialustalle asennettaessa alle tulee laittaa h\u00f6yrynsulkumuovi.","og_url":"https:\/\/lybe.fi\/sagas\/vinyylikorkki\/","og_site_name":"Sisustus-Center","article_modified_time":"2022-11-30T13:58:56+00:00","og_image":[{"url":"https:\/\/lybe.fi\/sagas\/wp-content\/uploads\/2022\/11\/Vinyylikorkki-rakenne-1024x758.png"}],"twitter_card":"summary_large_image","twitter_misc":{"Est. reading time":"1 minute"},"schema":{"@context":"https:\/\/schema.org","@graph":[{"@type":"WebPage","@id":"https:\/\/lybe.fi\/sagas\/vinyylikorkki\/","url":"https:\/\/lybe.fi\/sagas\/vinyylikorkki\/","name":"Vinyylikorkki - Sisustus-Center","isPartOf":{"@id":"https:\/\/lybe.fi\/sagas\/#website"},"datePublished":"2022-06-08T11:39:58+00:00","dateModified":"2022-11-30T13:58:56+00:00","description":"Vinyylikorkki valmistetaan luonnonkorkista, runkolevyst\u00e4 ja kulutuspintana k\u00e4ytett\u00e4v\u00e4st\u00e4 vinyylikerroksesta. Kest\u00e4v\u00e4n vinyylipinnan lis\u00e4ksi korkkikerrokset tekev\u00e4t lattiasta mukavan l\u00e4mpim\u00e4n, hiljaisen ja pehme\u00e4n jalan alla. Korkkipohja vaimentaa askel\u00e4\u00e4net eik\u00e4 alle laiteta muuta askel\u00e4\u00e4nieristett\u00e4. Betonialustalle asennettaessa alle tulee laittaa h\u00f6yrynsulkumuovi.","breadcrumb":{"@id":"https:\/\/lybe.fi\/sagas\/vinyylikorkki\/#breadcrumb"},"inLanguage":"en-US","potentialAction":[{"@type":"ReadAction","target":["https:\/\/lybe.fi\/sagas\/vinyylikorkki\/"]}]},{"@type":"BreadcrumbList","@id":"https:\/\/lybe.fi\/sagas\/vinyylikorkki\/#breadcrumb","itemListElement":[{"@type":"ListItem","position":1,"name":"Home","item":"https:\/\/lybe.fi\/sagas\/"},{"@type":"ListItem","position":2,"name":"Vinyylikorkki"}]},{"@type":"WebSite","@id":"https:\/\/lybe.fi\/sagas\/#website","url":"https:\/\/lybe.fi\/sagas\/","name":"Sisustus-Center","description":"","publisher":{"@id":"https:\/\/lybe.fi\/sagas\/#organization"},"potentialAction":[{"@type":"SearchAction","target":{"@type":"EntryPoint","urlTemplate":"https:\/\/lybe.fi\/sagas\/?s={search_term_string}"},"query-input":"required name=search_term_string"}],"inLanguage":"en-US"},{"@type":"Organization","@id":"https:\/\/lybe.fi\/sagas\/#organization","name":"Sisustus-Center","url":"https:\/\/lybe.fi\/sagas\/","logo":{"@type":"ImageObject","inLanguage":"en-US","@id":"https:\/\/lybe.fi\/sagas\/#\/schema\/logo\/image\/","url":"https:\/\/lybe.fi\/sagas\/wp-content\/uploads\/2022\/05\/logo-varillinen-scaled.jpg","contentUrl":"https:\/\/lybe.fi\/sagas\/wp-content\/uploads\/2022\/05\/logo-varillinen-scaled.jpg","width":2560,"height":390,"caption":"Sisustus-Center"},"image":{"@id":"https:\/\/lybe.fi\/sagas\/#\/schema\/logo\/image\/"}}]}},"_links":{"self":[{"href":"https:\/\/lybe.fi\/sagas\/wp-json\/wp\/v2\/pages\/727"}],"collection":[{"href":"https:\/\/lybe.fi\/sagas\/wp-json\/wp\/v2\/pages"}],"about":[{"href":"https:\/\/lybe.fi\/sagas\/wp-json\/wp\/v2\/types\/page"}],"author":[{"embeddable":true,"href":"https:\/\/lybe.fi\/sagas\/wp-json\/wp\/v2\/users\/1"}],"replies":[{"embeddable":true,"href":"https:\/\/lybe.fi\/sagas\/wp-json\/wp\/v2\/comments?post=727"}],"version-history":[{"count":6,"href":"https:\/\/lybe.fi\/sagas\/wp-json\/wp\/v2\/pages\/727\/revisions"}],"predecessor-version":[{"id":2200,"href":"https:\/\/lybe.fi\/sagas\/wp-json\/wp\/v2\/pages\/727\/revisions\/2200"}],"wp:attachment":[{"href":"https:\/\/lybe.fi\/sagas\/wp-json\/wp\/v2\/media?parent=727"}],"curies":[{"name":"wp","href":"https:\/\/api.w.org\/{rel}","templated":true}]}}